 7558?
16a5
In base 16, what is 115 - e232?
-e11d
In base 13, what is 106b94 + 53?
106c17
In base 5, what is -3131322 - 42?
-3131414
In base 5, what is 422342130 + -1020?
422341110
In base 7, what is -11651626 - 345?
-11652304
In base 4, what is 11 - -303002023?
303002100
In base 9, what is -1168 + -111878?
-113157
In base 9, what is 657333 + 26?
657360
In base 11, what is -117 + -12925a0?
-1292707
In base 6, what is -411011 + -50000?
-501011
In base 13, what is -1b6 - 399a?
-3b83
In base 2, what is 1011101010000000110101100 - 11?
1011101010000000110101001
In base 15, what is 2 + -4961c?
-4961a
In base 6, what is 123 - 32202225?
-32202102
In base 10, what is -1052 + -1618?
-2670
In base 13, what is 4 + 54a753a?
54a7541
In base 9, what is -21 + -6328032?
-6328053
In base 3, what is 10211020101212 - -11?
10211020102000
In base 14, what is 225a - 7910?
-5694
In base 2, what is -1011101100100111010110011 - -10?
-1011101100100111010110001
In base 11, what is 2293a38 + -4?
2293a34
In base 13, what is -104a005 - 1?
-104a006
In base 8, what is -2 + 5373171?
5373167
In base 13, what is 630 + a48b3?
a5213
In base 13, what is 1812 - -135c?
2b71
In base 11, what is -8464621 - 5?
-8464626
In base 8, what is 1175 - -32276?
33473
In base 11, what is 7 + 6079990?
6079997
In base 3, what is -11011012001 + -21020100?
-11102102101
In base 13, what is -1968878 - 1?
-1968879
In base 10, what is -16906789 - 6?
-16906795
In base 13, what is 3a3a0aa + -20?
3a3a08a
In base 3, what is 122121101021100020 - 1?
122121101021100012
In base 11, what is 5a + 91864?
91913
In base 9, what is 1 + 3744675?
3744676
In base 10, what is 41 + 512282?
512323
In base 7, what is 3 - -51435552?
51435555
In base 10, what is 4 - -840845?
840849
In base 6, what is -343520525 + 4?
-343520521
In base 16, what is -1993e + -142d?
-1ad6b
In base 8, what is -46 - 147661?
-147727
In base 14, what is 399 - -9180c?
91ba7
In base 14, what is 320db2 - -7?
320db9
In base 12, what is 7 - -235459?
235464
In base 5, what is 240221 + 100023?
340244
In base 3, what is 2 - -212001012201002?
212001012201011
In base 4, what is -1033021321 - 312?
-1033022233
In base 3, what is 1 - 100210202012212110?
-100210202012212102
In base 5, what is 1000 + 1203400?
1204400
In base 11, what is 0 + -7265017?
-7265017
In base 16, what is 2 + -4de59a?
-4de598
In base 16, what is -266fdb3 - 5?
-266fdb8
In base 7, what is 0 + 20644220?
20644220
In base 6, what is 5 - -10055302350?
10055302355
In base 11, what is 111 + 3081?
3192
In base 11, what is 2501310 - 0?
2501310
In base 5, what is -2102 - -10002402?
10000300
In base 3, what is -11120120120010 - -222?
-11120120112011
In base 12, what is -2bba03 + 42?
-2bb981
In base 12, what is -8253 + -13715?
-1b968
In base 16, what is 8be1bb - -2?
8be1bd
In base 15, what is -40eb + -374?
-4470
In base 13, what is -64 - 5a941?
-5a9a5
In base 13, what is -3 + 74ac3cb?
74ac3c8
In base 7, what is 1106 + 4653?
6062
In base 12, what is 121 + 62b03b?
62b160
In base 16, what is 21 + d734f?
d7370
In base 8, what is -10304 + -36216?
-46522
In base 15, what is 64 + 336a89?
336aed
In base 13, what is -cba - -516?
-7a4
In base 6, what is 20000041232 - -1?
20000041233
In base 9, what is 0 - -332174167?
332174167
In base 13, what is 16051c5 + -3?
16051c2
In base 2, what is -11011111001100010010 + -100?
-11011111001100010110
In base 3, what is -1111111212002212120 + 1?
-1111111212002212112
In base 7, what is -2001123233 - -5?
-2001123225
In base 6, what is -1114 - 121351?
-122505
In base 8, what is 12775661 + -1?
12775660
In base 7, what is -113341226 - 6?
-113341235
In base 8, what is 2 + 1301747153?
1301747155
In base 6, what is -10 - -23112312030?
23112312020
In base 16, what is -7 - -131f83b?
131f834
In base 10, what is -103423000 + 4?
-103422996
In base 11, what is 4 + -7a91651?
-7a91648
In base 15, what is 44d + 7491?
78de
In base 15, what is -14b63 - 26d?
-14dd1
In base 8, what is 3430 + -5122?
-1472
In base 16, what is 307a - -511?
358b
In base 11, what is 477021 - -921?
477942
In base 14, what is -17 + 7621d?
76206
In base 15, what is 3 + -542830?
-54282c
In base 7, what is -2345 - 211142?
-213520
In base 13, what is -184 - 2764c?
-27803
In base 6, what is -3215344423 + -5?
-3215344432
In base 3, what is -10100021001 + 20111?
-10100000120
In base 16, what is -2 - 9add86?
-9add88
In base 14, what is -5 - -107a451?
107a44a
In base 5, what is -111 - 4201103?
-4201214
In base 9, what is -11323 - 1488?
-12822
In base 14, what is 236c86 - 8?
236c7c
In base 4, what is -23301133220 + 21?
-23301133133
In base 9, what is 453 - 2012404?
-2011841
In base 7, what is -643 - -44406?
43433
In base 16, what is -4015 - -50d5?
10c0
In base 16, what is 1 + -26166f?
-26166e
In base 8, what is -7 + -2721402?
-2721411
In base 14, what is -1502c - -31a?
-14b12
In base 7, what is -1353 + -53104?
-54460
In base 11, what is -598952 + -4?
-598956
In base 9, what is -434825 + 1020?
-433805
In base 5, what is 242 + 1031323123?
1031323420
In base 9, what is -87317243 + -11?
-87317254
In base 4, what is -2020113301 - 0?
-2020113301
In base 7, what is -123263245 + 66?
-123263146
In base 9, what is -6085 - -2548?
-3436
In base 5, what is -1141301024 + 2313?
-1141243211
In base 13, what is -8771 + -10?
-8781
In base 13, what is -4 - -71a0951?
71a094a
In base 8, what is 4 + -52123733?
-52123727
In base 8, what is -3 - -16126542?
16126537
In base 2, what is 11001110011011100 - -1000011?
11001110100011111
In base 12, what is -1 + -127a274?
-127a275
In base 2, what is -1 + 1000101101011010001?
1000101101011010000
In base 7, what is 410020 - -4014?
414034
In base 7, what is 34166053 + 300?
34166353
In base 16, what is 28c - a348?
-a0bc
In base 11, what is 2 - -2161287?
2161289
In base 2, what is 11 - -1011001110111010111111?
1011001110111011000010
In base 12, what is 4882790 - -3?
4882793
In base 8, what is -4 + -11456701?
-11456705
In base 2, what is -10110010101111110110000 - -1011?
-10110010101111110100101
In base 16, what is -9 + 9f9616?
9f960d
In base 6, what is -5145 + 131204?
122015
In base 16, what is 0 + a0669b?
a0669b
In base 2, what is -100101011111011101011 - 111101101?
-100101100000011011000
In base 5, what is -11423310 - 110004?
-12033314
In base 16, what is -14 - 48858?
-4886c
In base 2, what is -101111110011010001 - -1?
-101111110011010000
In base 8, what is -440021 - 462?
-440503
In base 9, what is -843 - 577307?
-578251
In base 2, what is -10100001 - -10011000111101011?
10011000101001010
In base 15, what is -1212 + -e590?
-107a2
In base 3, what is -211210022212001 - 2?
-211210022212010
In base 10, what is -1047 + 2172?
1125
In base 3, what is -10122 - 221102112?
-221120011
In base 9, what is -4 + -321083810?
-321083814
In base 7, what is -3 + -1045324330?
-1045324333
In base 14, what is 1b207 - 49?
1b19c
In base 11, what is -3187600 - -11?
-318759a
In base 6, what is 5215433 + 5?
5215442
In base 8, what is -1177316 - -65?
-1177231
In base 8, what is 106 + 21450?
21556
In base 8, what is 321376 + 105?
321503
In base 16, what is 0 + -2286?
-2286
In base 4, what is -103101221 - 2000?
-103103221
In base 2, what is 10111001010000110 + -111100111?
10111000010011111
In base 4, what is -30313102 + -3?
-30313111
In base 13, what is cc0b - 879?
c362
In base 9, what is 2 + -60561316?
-60561314
In base 12, what is 469811 + 1aa?
4699bb
In base 10, what is -1022 + -16423?
-17445
In base 9, what is 5 - 7251165?
-7251160
In base 9, what is -1370234 + 40?
-1370184
In base 6, what is 2540353 + 215?
2541012
In base 15, what is -461757d - 3?
-4617581
In base 9, what is 77174241 + -1?
77174240
In base 14, what is 16 - -35c2b?
35c43
In base 3, what is 10221 - 111201121022?
-111201110101
In base 4, what is 1011021 - 122103303?
-121032222
In base 8, what is -153 + 1052576?
1052423
In base 13, what is -617 - -5b4b0?
5ab96
In base 10, what is 6498491 - -132?
6498623
In base 11, what is -5 + 876032?
876028
In base 6, what is 1102 - 20554134?
-20553032
In base 8, what is 14036 + -44752?
-30714
In base 10, what is 1300839 - 38?
1300801
In base 3, what is 20 - 1001212100022?
-1001212100002
In base 12, what is -1 + 9300b20?
9300b1b
In base 13, what is 11 - -10b9366?
10b9377
In base 11, what is 76735 + -277?
76469
In base 4, what is 130 + -3